+ 72. Suppose 0 = -3*k - q + 41, 12*k - 3*q = 9*k + 57. List the prime factors of i(k).
2, 3, 11, 17
Let u(a) = -7*a - 47. Suppose 0 = -25*l + 22*l + 30. Suppose -4*t + 2 = q + l, 0 = 4*t - 12. What are the prime factors of u(q)?
3, 31
Suppose k = -4*i - 4, 4*i + 12 = 3*k - 2*k. What are the prime factors of (216/20)/(i/(400/(-12)))?
2, 3, 5
Let h = 63 - 38. Suppose 4*l - 35 - 943 = -2*c, -h = 5*c. Let m = -135 + l. What are the prime factors of m?
2, 7
Suppose -37 = d - 39. Let s(z) = -10*z - 4. Let m be s(d). What are the prime factors of (-6)/m - (-118)/8?
3, 5
Let b(f) = -f - 7. Let p be b(-7). Suppose 7*u - 2*u + 15 = p, 3*u + 9 = -4*w. Suppose -2*h + w*h = d - 185, 285 = 3*h - d. What are the prime factors of h?
2, 47
Let t = -14924 - -21132. List the prime factors of t.
2, 97
Let q(f) = 191*f**2 + 2*f - 1. Let a(g) = 39*g + 9. Let l be a(-2). Let u = l - -70. What are the prime factors of q(u)?
2, 3
Let s = -46 - -43. Let h be (-3 - -4)*s - -1. Let d(t) = -11*t**3 + t**2. List the prime factors of d(h).
2, 23
Suppose -46*l + 318000 = -22*l. What are the prime factors of l?
2, 5, 53
Let w = 28 - 36. Let x be (-15)/120 - 25/w. Suppose 212 = -x*h + 7*h. What are the prime factors of h?
53
Suppose 3*m + 8 = 2. Let j be (m/3)/((-2)/(-27)). Let l = j - -44. List the prime factors of l.
5, 7
Let r(o) = -20*o**2 + 54*o + 630. Let y(l) = -7*l**2 + 18*l + 210. Let z(t) = -6*r(t) + 17*y(t). What are the prime factors of z(-18)?
2, 3, 73
Let o(d) = 1178*d**2 - 4*d + 4. Let q be o(1). Suppose 3*u - 3*m + 897 = 0, 4*u + 5*m + q = -0*u. List the prime factors of u/((-6)/2)*(4 - 3).
3, 11
Let r = 32946 - 18531. List the prime factors of r.
3, 5, 31
Suppose 173*t + 654021 - 13290114 = 0. What are the prime factors of t?
3, 97, 251
Let i = 110 - 242. Let n(q) = -13*q**2 + 33*q - 68. Let d be n(5). Let w = i - d. List the prime factors of w.
2, 3
Let l(m) = 229*m - 9 - 15 - 206*m. Let u be l(11). Suppose -u = -5*q + 271. List the prime factors of q.
2, 5
Let f be (46 - -2)*149834/76. List the prime factors of f/108 - (-4)/(-18).
2, 3, 73
Suppose 2*b - 2*w = 12088, -42*b + 45*b - 18180 = -5*w. List the prime factors of b.
2, 5, 11
Let n(d) = 2*d**2 + 4*d - 570. What are the prime factors of n(-84)?
2, 3, 31, 71
Suppose -7*l + 46424 = -5985. What are the prime factors of l?
7487
Let t = -609 - -1232. Let j = -522 + t. List the prime factors of j.
101
Suppose -m - 17*q + 33248 = -14*q, 2*q - 4 = 0. List the prime factors of m.
2, 11, 1511
Let y(i) = i**3 - i + 2. Let h be y(0). Suppose 3*o = -2*v - 2, h*v = -v - 3. Suppose 9*m - 12*m + 111 = o. What are the prime factors of m?
37
List the prime factors of (-1 + -1)/((-48)/903768).
37657
Let y = -115 + 601. Let u = 702 - y. Let j = u - 139. List the prime factors of j.
7, 11
Let h(k) = -4*k - 16. Let r be (-10)/(-20)*(0 - 16). Let l be h(r). List the prime factors of 54/36*(0 + l/6).
2
Let o = 223 + -230. What are the prime factors of (-2 + 43)*(7 - o)?
2, 7, 41
Suppose -9*k = -10*k + 2. Suppose k*o - 4*n = 20, -2*n = 4*o - n - 31. List the prime factors of 1 + 1012/o - (-1)/(-2).
127
Let i(k) = 4*k + 156. Let a be i(-38). Suppose 4*q - 509 = 5*f + 50, -668 = -5*q - a*f. What are the prime factors of q?
2, 17
Let h = -268 + 298. Suppose -10*l + 41920 = h*l. What are the prime factors of l?
2, 131
Let u be 3/(54/(-4)) - 7900550/(-1575). Suppose 49*d = 61*d - u. List the prime factors of d.
2, 11, 19
Suppose 12*s - 5*z + 15498 = 16*s, -3*z = 6. Suppose 7*n - 3949 = s. What are the prime factors of n?
2, 13, 43
Suppose 1441 + 75 = 4*o. Let a = -35 + o. Suppose -3*r = -2*k - 2*k + a, 5*k = -2*r + 453. What are the prime factors of k?
89
Suppose 23*m = 5*m - 216. List the prime factors of (-776)/m*(-33)/(-22).
97
Suppose t + 5*o + 43883 = 5*t, -4*t + 43880 = -4*o. List the prime factors of t.
11, 997
Suppose 5*b + 41485 = 67*o - 64*o, 0 = -2*o - 5*b + 27665. List the prime factors of o.
2, 3, 5, 461
Suppose -10 = 7*w - 66. Let d = w + 9. Suppose 2*p - d = 169. What are the prime factors of p?
3, 31
What are the prime factors of 15 + 35391 + -2 - (-1 - 6)?
17, 2083
Suppose 17498 = 3*h - w - 5079, h + 2*w = 7535. List the prime factors of h.
3, 13, 193
Let y = 70 + 3. Let u = y + -70. Suppose 11*w = u*w + 496. What are the prime factors of w?
2, 31
List the prime factors of 75666/4 + 9/(-4)*(-214)/963.
18917
Let f = 149 - 150. Let b(v) = -52*v**3 - 3*v - 3. List the prime factors of b(f).
2, 13
Suppose -3*j = 10*j - 34918. Suppose -v + 3*q + 1141 = 0, -4*v - 2*q + 1850 = -j. What are the prime factors of v?
5, 227
Suppose 6*a - 4 = 4*a. Suppose -2*r = 3*v - 1178, -5*v - 3*r + 1955 = a*r. List the prime factors of v.
2, 3, 11
Let c(s) be the first derivative of 107*s**2/2 - 11*s + 94. List the prime factors of c(5).
2, 131
Let u = 654 + -1781. Let m = u + 1580. List the prime factors of m.
3, 151
Let q be -5 + 8 + 1/1*457. Let k = q - 163. What are the prime factors of k?
3, 11
Let l = 3131 + 245. Suppose 27124 = 20*x - l. List the prime factors of x.
5, 61
Let i(h) be the second derivative of -h**3/6 - h**2/2 + 16*h. Let y be i(-1). What are the prime factors of (y - 1393/(-13)) + 2/(-13)?
107
Let z(t) = 9*t**2 + 14*t - 3. Let a be z(-3). What are the prime factors of (a + 0)/(((-351)/18)/(-13))?
2, 3
Suppose 2*x = -x. Let d = 680 - 378. Suppose -4*n + d + 610 = x. List the prime factors of n.
2, 3, 19
Let h(c) = c**3 - 64*c**2 - 80*c - 242. List the prime factors of h(67).
5, 11, 13
Let d be 133/9 + 14/(-18) + 1. Let y be (148/(-5))/(54/d + -4). Suppose -2*b + y = -38. List the prime factors of b.
2, 7
Suppose 108*r = 113*r - 350. Let v = -182 + r. Let u = -35 - v. List the prime factors of u.
7, 11
List the prime factors of 10210/4 + 475/(-190).
2, 3, 5, 17
Let b(d) = 99*d**2 + 118*d + 2059. List the prime factors of b(-26).
5, 13183
Suppose 110*g = 19*g + 108654. List the prime factors of g.
2, 3, 199
Let a = -442 + 444. Suppose -4*q = 5*z - 3765, 0 = -z - a*z - 4*q + 2251. List the prime factors of z.
757
Let g = 209 + -216. What are the prime factors of (((-243)/(-6))/(-3))/(g/210)?
3, 5
Let x(c) = -514*c + 11055. List the prime factors of x(8).
53, 131
Suppose -3*g = 2*n - 1299, 1498 = 4*g - 3*n - 234. Let d = g + -160. Let h = -115 + d. What are the prime factors of h?
2, 79
Let q(d) = 55*d**2 + 58*d + 708. What are the prime factors of q(-15)?
3, 23, 59
Let k(l) = 2*l**2 + 22*l + 329. What are the prime factors of k(-43)?
3, 13, 79
List the prime factors of ((-10)/5)/(0 - (-6)/(-16959)).
5653
Let i be (-416)/(-72) + 4/18. What are the prime factors of (-1375)/(-4) - ((-175)/28 + i)?
2, 43
Suppose -33*s + 940 = -28*s. Suppose -5*v + s - 233 = 0. What are the prime factors of 169 - -3*3/v?
2, 3, 7
Let m(p) = 2*p**2 + 133*p + 50655. What are the prime factors of m(0)?
3, 5, 11, 307
Let d(m) = -4*m + 8*m**2 - 5*m - 4*m + 3 + 8*m. Let a be d(1). List the prime factors of 0 + a - 5 - (1 - 111).
3, 37
Let c = -13597 + 21705. What are the prime factors of c?
2, 2027
Suppose -6*t + 4*q + 133 = -3*t, -61 = -t - 2*q. List the prime factors of (52 - t)*(3144/2 + 1).
11, 13
List the prime factors of (8/(-3))/(-4) - 128532/(-36).
3571
Suppose 0 = 72*s - 58*s + 4032. List the prime factors of (-7)/1 - (s + -1).
2, 3, 47
Suppose -3*a + 2011981 = 179*a - 1281855. What are the prime factors of a?
2, 9049
Let s(f) = f**2 + 4*f - 5. Let b be s(1). Suppose b*a - 4*a - 670 = -5*g, -3*g + 409 = -a. List the prime factors of g.
2, 3, 23
Let g(f) be the third derivative of -17*f**2 + 0 + 4/3*f**3 + 0*f - 1/8*f**4 + 1/30*f**5. List the prime factors of g(6).
2, 31
Let q be -6*((-5)/6)/5 - -4091. Let n = q + -2813. What are the prime factors of n?
1279
Let d = 4631 - -1252. What are the prime factors of d?
3, 37, 53
Let c(d) = -5*d**2 + 9*d - 2. Let k be c(6). Let j be (-2)/9 + (-5271)/(-27). Let z = j + k. What are the prime factors of z?
67
Let b be 4 - 4445/(-11 - -6). Suppose 0 = -26*l + b + 771. List the prime factors of l.
2
Suppose 0 = 13*a - 7954 - 11091. Suppose a = 7*r - 1167. List the prime factors of r.
2, 47
Let v(r) = 425*r**2 + 101*r - 49. What are the prime factors of v(-6)?
5, 29, 101
Let y(z) = z + 8. Let l be y(-6). Let q(n) be the third derivative of 8*n**5/15 + n**4/12 - n**3/6 + 428*n**2. What are the prime 